-14).
-9
Let b(h) = h**2 + 11*h + 6. Determine b(-10).
-4
Let m(j) = -2*j**3 + j**2. Determine m(-1).
3
Let j(q) = -q**2 + 15*q - 11. Determine j(11).
33
Let f(n) = -n**3 - 2*n**2 + n - 4. Calculate f(-4).
24
Let h(z) = -z**2 + 7*z - 6. Give h(3).
6
Let b(y) = y**3 + 8*y**2 + 5*y + 4. Determine b(-5).
54
Let t(a) = -15*a**3 - a**2 + a - 1. Give t(1).
-16
Let z(u) = -2*u**3 - 4*u**2 + 3*u + 6. What is z(3)?
-75
Let w(l) = l**2 - 10*l + 9. Calculate w(12).
33
Let o(f) = 19*f - 149. Give o(8).
3
Let w(l) = 9*l**3 + l**2 - 3*l. Calculate w(-2).
-62
Let r(h) = 112*h**2 + 3*h - 3. Calculate r(1).
112
Let c(d) = -6*d**2 - 6*d + 18. Give c(2).
-18
Let w(m) = -m - 3. Calculate w(-13).
10
Let w(o) = 27*o + 248. Determine w(-9).
5
Let m(y) = -y**3 + 9*y**2 - 8*y + 11. Calculate m(9).
-61
Let r(w) = w**2 + 69*w - 208. Give r(3).
8
Let x(s) = -16*s**3 + s + 1. What is x(-1)?
16
Let i(u) = u**2 - 22*u - 3. What is i(8)?
-115
Let u(c) = 10*c. Determine u(2).
20
Let f(l) = 8*l + 4. Calculate f(1).
12
Let o(f) = f**3 - 6*f**2 + 2*f - 14. Calculate o(6).
-2
Let o(n) = 4*n + 51. Give o(8).
83
Let l(u) = u**3 + 2*u**2 - 5*u + 9. What is l(-5)?
-41
Let v(j) = 3*j + 32. Give v(-9).
5
Let o(g) = -g**2 + 8*g + 9. What is o(8)?
9
Let b(l) = -l**2 - 12*l + 219. Determine b(-22).
-1
Let y(g) = g**2 - 12*g + 19. Calculate y(4).
-13
Let c(k) = k**2 - 11*k + 15. Calculate c(16).
95
Let r(n) = n**2 - 21*n - 9. Calculate r(20).
-29
Let r(a) = -11*a - 8. Calculate r(-1).
3
Let u(g) = -g**3 - 4*g**2. Give u(-4).
0
Let f(n) = 16*n**2 + 2*n + 3. Calculate f(-2).
63
Let s(k) = -k**2 + 6. What is s(-6)?
-30
Let a(p) = -10*p - 74. What is a(-8)?
6
Let o(m) = m**3 + 12*m**2 - m - 10. What is o(-12)?
2
Let u(f) = 2*f**2 + 34*f - 14. Determine u(-17).
-14
Let c(w) = w**3 - 4*w**2 - 6*w + 1. What is c(5)?
-4
Let b(q) = -2*q - 2. Determine b(-4).
6
Let z(h) = 2*h**2 - 44*h + 39. Give z(21).
-3
Let n(r) = -22*r + 17. What is n(0)?
17
Let b(m) = 2*m + 10. Determine b(-6).
-2
Let m(j) = -j**2 - 8*j. Give m(-7).
7
Let w(s) = -4*s**2 + 32*s + 11. Give w(8).
11
Let g(n) = -4*n + 18. Calculate g(8).
-14
Let b(s) = -s**2 + 22*s - 1. Determine b(23).
-24
Let t(l) = -l**3 + 16*l**2 + l. Calculate t(16).
16
Let l(b) = -b - 10. Calculate l(-16).
6
Let t(n) = n**2 + 2*n - 4. Calculate t(-4).
4
Let v(j) = j**3 - 6*j**2 + 3*j + 1. What is v(5)?
-9
Let z(j) = 2*j**2 - 4*j - 3. Determine z(4).
13
Let n(w) = -w**3 - 32*w**2 - 61*w - 34. Determine n(-30).
-4
Let j(b) = -b**2 + 40*b - 121. Give j(37).
-10
Let k(v) = 7*v - 51. Give k(20).
89
Let l(v) = -v**2 + 10*v + 12. Give l(0).
12
Let w(h) = 4*h**2 - 4*h + 14. What is w(2)?
22
Let f(y) = y**2 + 13*y + 21. Determine f(-10).
-9
Let s(z) = -84*z + 173. Determine s(2).
5
Let y(a) = -6*a**2 + 107*a + 23. Give y(18).
5
Let j(f) = 3*f**2 + 22*f + 29. What is j(-3)?
-10
Let r(w) = -w**3 + 6*w**2 - 4*w + 22. What is r(3)?
37
Let o(l) = 2*l**3 + 68*l**2 - 6. Calculate o(-34).
-6
Let c(b) = b**3 - 7*b**2 - 6*b - 19. Give c(8).
-3
Let y(v) = -12*v - 205. Determine y(-19).
23
Let o(p) = 5*p + 199. Determine o(-34).
29
Let t(n) = n**3 - 3*n**2 - n + 3. What is t(-3)?
-48
Let i(v) = v**2 - 44*v + 115. Calculate i(41).
-8
Let i(y) = y**3 - 5*y**2 + 7*y - 1. Calculate i(3).
2
Let s(q) = q**2 - 25*q + 31. Calculate s(23).
-15
Let z(d) = -d**3 - 17*d**2 + 37*d - 22. Calculate z(-19).
-3
Let q(t) = 133*t - 1465. What is q(11)?
-2
Let t(n) = n**3 + 6*n**2 + 3*n - 5. Calculate t(-5).
5
Let l(g) = g + 3. Determine l(7).
10
Let a(x) = 12*x + 1. Determine a(0).
1
Let b(h) = -h**2 + 14*h - 6. What is b(13)?
7
Let z(y) = y**3 - 9*y - 1. Determine z(3).
-1
Let r(a) = 2*a**2 + 14*a - 68. Give r(-11).
20
Let m(j) = -j - 6. What is m(-12)?
6
Let z(p) = 13*p - 7. Determine z(-3).
-46
Let o(v) = 6*v + 4. Determine o(4).
28
Let m(c) = -2*c**3 + 15*c**2 - 9*c - 9. Calculate m(7).
-23
Let f(g) = -g**2 - 21*g + 42. Calculate f(-21).
42
Let m(f) = -f**3 - 29*f**2 + 32*f + 26. Give m(-30).
-34
Let f(k) = k**3 + 7*k**2 + 7*k + 5. Calculate f(-5).
20
Let g(z) = 3*z - 1. Determine g(-10).
-31
Let v(f) = -3*f**2 - f - 1. What is v(1)?
-5
Let f(c) = 35*c + 2. What is f(1)?
37
Let m(t) = -13*t. Determine m(-3).
39
Let y(j) = 4*j**3 - 2*j**2 + 3*j - 4. Calculate y(2).
26
Let z(t) = 11*t**2 + 6*t + 3. Calculate z(-1).
8
Let z(x) = x**3 + 4*x**2 - x - 11. What is z(-3)?
1
Let c(g) = -g**2 - 5*g - 6. Determine c(-5).
-6
Let f(s) = -2*s**2 - 56*s + 38. Give f(-28).
38
Let j(y) = -y**2 - 5*y + 8. What is j(-5)?
8
Let c(m) = -m**3 - 28*m**2 + 27*m - 50. Give c(-29).
8
Let z(d) = -d**2 - 9*d - 7. Calculate z(-5).
13
Let c(h) = -5*h**3 - 3*h**2 + 3*h - 2. Calculate c(-3).
97
Let l(z) = z**3 - 19*z**2 - 19*z - 24. What is l(20)?
-4
Let s(y) = -11*y**3 - 2*y**2 + y + 1. Give s(-2).
79
Let d(k) = k**2 + 2*k - 20. Determine d(4).
4
Let j(c) = 17*c**2 + 2*c. Give j(-3).
147
Let k(b) = -b**2 + 4*b + 20. Give k(9).
-25
Let l(i) = i - 11. Calculate l(-10).
-21
Let t(i) = -i**2 + 8*i - 9. Give t(8).
-9
Let y(q) = -5*q - 41. Give y(7).
-76
Let h(u) = u**3 + 6*u**2 + 2*u - 7. What is h(-5)?
8
Let k(z) = -2*z - 2. Calculate k(2).
-6
Let l(k) = 7*k**3 - 2*k + 1. Give l(1).
6
Let m(x) = -19*x - 1. Give m(-1).
18
Let h(w) = -8*w - 1. What is h(-4)?
31
Let f(h) = -h**3 - 26*h**2 - 24*h + 24. Give f(-25).
-1
Let m(s) = -2*s**2 + 2. What is m(3)?
-16
Let f(p) = -p**2 + 62*p - 298. Calculate f(57).
-13
Let x(f) = 18*f. Give x(-2).
-36
Let n(k) = -k + 101. Determine n(20).
81
Let u(t) = -11*t + 163. What is u(10)?
53
Let j(b) = -12*b**2 - 2*b - 1. What is j(-1)?
-11
Let z(k) = 5*k**3 + 2*k**2 - k. What is z(-2)?
-30
Let w(n) = -n**2 - 13*n - 16. Determine w(-12).
-4
Let d(a) = -a**2 + 10*a - 6. Determine d(8).
10
Let h(z) = -2*z**2 - 3*z - 7. Calculate h(-2).
-9
Let h(i) = -4*i + 25. Give h(0).
25
Let x(k) = -2*k**2 + 3*k + 6. Calculate x(3).
-3
Let i(c) = c + 7. Calculate i(14).
21
Let f(k) = -k**2 + 7*k + 7. Give f(7).
7
Let i(v) = v**3 + 5*v**2 + 5*v + 30. Give i(-5).
5
Let h(b) = -b**3 + 32*b**2 - 27*b - 129. Calculate h(31).
-5
Let f(b) = -b**3 - 11*b**2 + 19*b - 4. Determine f(-13).
87
Let q(d) = d**3 - 9*d**2 - 10*d + 9. Give q(10).
9
Let x(s) = -s**2 - 10*s + 48. Calculate x(-13).
9
Let z(p) = -p**3 - p**2 + 3*p - 3. Give z(0).
-3
Let x(y) = -4*y - 7. Calculate x(9).
-43
Let a(o) = -27*o - 27. Determine a(-2).
27
Let v(w) = -w**2 + 11*w + 15. Give v(11).
15
Let a(q) = 2*q - 18. Determine a(12).
6
Let k(z) = 3*z**2 - 20*z - 19. Calculate k(7).
-12
Let l(u) = 2*u**3 - 42*u**2 - u + 8. Determine l(21).
-13
Let p(g) = 3*g + 76. What is p(-20)?
16
Let q(g) = -2*g**3 - 16*g**2 + 16*g - 19. Determine q(-9).
-1
Let m(s) = -s - 1. Determine m(-11).
10
Let z(m) = m + 9. Determine z(-11).
-2
Let o(n) = n**2 + 6*n - 23. Determine o(-8).
-7
Let b(k) = -k**2 - 7*k + 91. Calculate b(7).
-7
Let s(y) = 4*y + 7. Calculate s(6).
31
Let n(q) = 3*q**2 - 21*q - 16. Give n(8).
8
Let k(d) = d**3 + 6*d**2 + 10*d + 26. Give k(-5).
1
Let r(x) = -x**2 + 6*x - 3. Calculate r(3).
6
Let x(s) = s**2 + 26*s + 112. Calculate x(-6).
-8
Let j(k) = k**2 - 9*k - 6. Determine j(7).
-20
Let m(q) = -60*q - 123. Calculate m(-2).
-3
Let r(k) = 3*k - 25. Calculate r(-10).
-55
Let l(b) = 10*b**3 + 2*b**2 + 2. Give l(-2).
-70
Let f(y) = 2*y**3 - 6*y**2 + 21*y - 7. What is f(4)?
109
Let w(i) = -i**3 - 8*i**2 - 8*i - 7. Determine w(-7).
0
Let t(u) = -3*u**3 - u. Calculate t(-1).
4
Let n(a) = a**3 + 18*a**2 - a - 1. Calculate n(-18).
17
Let z(y) = -6*y**3 - 3*y - 2. What is z(-1)?
7
Let k(c) = -c**2 + 9*c + 12. Determine k(10).
2
Let w(n) = -24*n - 9. What is w(-2)?
39
Let b(t) = -t**2 + t. Calculate b(5).
-20
Let m(a) = 46*a**2 + 5*a + 1. Give m(-1).
42
Let d(k) = -3*k**2 - 4. Calculate d(-3).
-31
Let s(x) = -x**2 + 20*x - 3. Give s(20).
-3
Let n(f) = -f**3 + f**2 + f - 4. What is n(0)?
-4
Let h(l) = -l**2 - 11*l + 3. Give h(-6).
33
Let p(u) = u**2 + 11*u - 157. Calculate p(8).
-5
Let l(r) = 19*r**3 + 4*r**2 - 4*r + 1. Give l(1).
20
Let l(d) = 6*d**2 + 1. What is l(-1)?
7
Let n(x) = x**3 + 15*x**2 - 15*x + 8. What is n(-16)?
-8
Let q(b) = -b**3 + 3*b**2 - 6*b + 3. Give q(2).
-5
Let x(i) = 3*i - 3. Give x(6).
15
Let b(s) = s**2. What is b(-2)?
4
Let u(l) = l**3 - 13*l**2 + 21*l - 19. Give u(11).
-30
Let i(l) = 3*l - 9. Calculate i(4).
3
Let b(o) = -7*o**2 + 13*